 the value of -1 + 0 + -2 - (-37 - (-15 + -11))?
8
What is -28 - -33 - ((-9 - -5) + 27 + -1)?
-17
What is the value of (16 - 18) + 0 - (1 - (2 - -2))?
1
-1 - (18 - ((-5 - (5 - 11)) + -6))
-24
(2026 - 2034) + (-1 - (-4 + -1))
-4
Evaluate 5 - 2 - (-95 - -90).
8
Calculate 7 + -6 - (-1 - 9) - (82 + -60).
-11
Evaluate (14 - 3) + -9 + 0 + -6.
-4
What is the value of 171 + -160 - (0 + 8)?
3
Evaluate 23 + 4 + -32 + (-4 - -18).
9
Evaluate 3 + (3 - (2 - (-3 + 4))) + -4.
1
Evaluate 26 - (12 + 4) - -26.
36
(22 - 19 - -5) + -8 + 2
2
What is 13 + (-3 - (-4 + (4 - -2)) - -2)?
10
What is the value of 32 + -31 - (3 + -9) - (1 - -5)?
1
What is 13 + -13 + -8 - 6?
-14
6 + (-111 - -122 - (3 - 7))
21
-2 + -16 + 38 - 12
8
What is the value of 9 - (2 - (2 - 8)) - (-6 - 4)?
11
Evaluate (-2 - -3) + 7 + (4 - 7).
5
Calculate (-8 - ((-20 - 1) + -13)) + -5.
21
Evaluate -10 + (-13 + 12 - -7).
-4
Calculate (14 - 3 - 11) + (18 - 1).
17
What is (-13 - -16) + (-3 + -10 - -7) + 32?
29
Calculate (16 - 9 - 11) + 9 - (-2 - -2).
5
What is (-3 - -6 - (32 - 29)) + 4?
4
What is -29 - (0 + -18) - 3?
-14
3 + 0 - (43 + -24 - 1)
-15
What is the value of (-9 - -32) + -70 - -21?
-26
Calculate (3 - -6) + (-4 - -1).
6
Evaluate -5 + 3 + (26 + -24 - (-1 - 2)).
3
What is -4 + -11 + 5 - -9?
-1
What is 21 - (2 - 0) - 19?
0
What is (2 - -11) + -2 + (-10 + 17 - 4)?
14
12 + -28 + -5 + 19
-2
What is -12 - -27 - (-4 - (-1 + -2))?
16
(44 - 28) + -13 + (-6 - (0 + 0))
-3
What is the value of 18 + -25 + (4 - 3 - -3) + 4?
1
6 + (12 - 6 - 18) + 11
5
What is 23 + (-25 - 4) + (3 - 0)?
-3
Calculate 4 + (3 - 4) - (-24 + 15) - 9.
3
Evaluate (11 - 22) + (5 - 10).
-16
What is (-13 - -7) + 11 - 1?
4
What is the value of -1 + 3 + 3 + -6?
-1
Calculate -7 + (16 - -6) + (0 - 3).
12
Evaluate 17 + -28 + 13 - (0 - 13).
15
Calculate -32 - (-21 - 5) - 1.
-7
What is the value of -14 - -1 - (-12 - -6 - 8)?
1
(4 - 6 - 7) + (13 - -5)
9
-23 + -4 + 2 - (-560 - -543)
-8
What is the value of -4 + -29 + 24 - 17?
-26
Evaluate 13 + (0 - -5) + 4.
22
Calculate (-24 - -2) + -9 + -2 + 14 - -4.
-15
(21 - (25 - 17)) + 2 + -2
13
Evaluate -76 - -84 - (-1 + (2 - -1) + 2).
4
What is the value of -2 - (0 + -21) - (-2 + (21 - 15))?
15
What is the value of (27 + -12 - 30) + -7 + 4?
-18
What is the value of 5 + 8 + 1 + -20 + 8 + -2?
0
-8 - -35 - ((16 - 8) + -12) - 9
22
(-8 - (2 + -3)) + 19 + (-42 - -40)
10
Calculate 0 + 11 - (45 + -3 + -34).
3
What is the value of 20 + (-8 - 3) - 6?
3
Calculate -2 - (-46 - -6 - -50 - (1 + -26)).
-37
-7 + 22 + -50 + 15
-20
Evaluate 0 + (1 + 0 - -4) + 1 - 7.
-1
What is the value of -4 - (4 + -1) - (-1 - -1) - 1?
-8
Calculate 15 + (1 - (5 + -8 - -8)) + 2.
13
Calculate (7 - (5 + (-7 - 6))) + -9 + 6.
12
Calculate 9 - (0 + -3 + 8 + -6).
10
What is -6 + -1 - (12 - (12 - (17 + -11)))?
-13
Evaluate -10 + 17 + 1 - 6 - 26.
-24
Evaluate (-10 - -15 - 25) + 21.
1
Calculate 15 - (65 + (5 - (39 + -17))).
-33
What is 17 + 3 + -15 + 33?
38
Evaluate 4 - 16 - (-7 + 11 + -6) - 5.
-15
What is 7 + 10 + (-4 - (30 + 0) - -7)?
-10
What is the value of -2 - (24 - 23 - (1 + -11 + 0))?
-13
5 + -4 + 2 + (32 - 72) + 17
-20
What is the value of (3 + -2 - -3) + 548 + -554?
-2
Calculate (27 - 19) + 8 + -7 + 5.
14
What is (-5 - -6) + (16 - 7) - 0?
10
28 - -2 - -6 - (5 + 7)
24
Evaluate 3 + -18 + -6 + 12.
-9
What is the value of 83 + -86 - (3 + (3 - 20))?
11
Calculate (-7 - (-14 - 13)) + -6 + 0.
14
20 - ((2 + 1 - (-46 - -62)) + 8)
25
What is the value of 135 + -124 - (0 - (5 - 3))?
13
Calculate -1 - (2 + 4 + (0 - -3) + -17).
7
What is the value of 1 - 4 - (66 - 79)?
10
Evaluate 25 + -1 + (-383 - -370).
11
Calculate -16 - (-11 + (3 - 3)) - (-6 - -4).
-3
What is (-13 - (-6 - (9 + -16))) + (-6 - 2)?
-22
(-3 - 11) + (-1 - 9) + (4 - -6)
-14
Evaluate 27 + -20 - (1 + -2 - -26).
-18
What is the value of 248 - 247 - (0 + 24)?
-23
-1 + 7 + 21 + -23
4
Evaluate 5 + ((-7 - -1) + (-2 - -10) - 5).
2
Calculate 1 - 17 - (5 - 15).
-6
What is the value of 5 - (-38 + 36 + 3 + 0)?
4
What is the value of 1 - (6 + -1 + -7) - 9?
-6
46 + -17 + 2 - 15
16
(-10 - -21 - 12) + -10 - -18
7
219 + -223 + 2 + (-2 - -1)
-3
(11 - 2) + -7 + 8
10
-12 + (-2 - -10) - (-2 + -7)
5
Calculate 22 + -9 + 3 + -9.
7
0 + (0 - ((-5 - -17) + -6 + -7))
1
-3 - (-45 + 18 - -12)
12
What is 2 - (2 - (4 + -5 - -9) - 0)?
8
What is the value of -3 + -11 + 7 + 5 + 0?
-2
What is -7 - (6 - 22 - -32)?
-23
Calculate 30 + -12 + 1 + -23.
-4
Evaluate 0 + -13 + (246 - 240).
-7
Calculate 9 + -2 - (391 - 402).
18
26 + 28 + -55 + 10 + 0
9
What is the value of (-4 - 13) + (37 - 8)?
12
Calculate 0 + (-23 - 1) + (0 + 6 - -2).
-16
What is the value of 12 + -69 + 2 + 4 + 12?
-39
Calculate 37 - (28 + -18 + 32).
-5
What is the value of 0 + (5 + (-9 - -6) + -2 - -7)?
7
-11 + 10 + -2 + -1 + -2
-6
Evaluate 32 - (7 + (-15 + 11 - -8)).
21
What is (1 - -8) + (19 - (-8 + 2 + 22))?
12
Calculate (-259 - -251) + 0 + 5.
-3
Evaluate (-3 + -7 - (51 + -57)) + 20.
16
Evaluate (-5 - (-1 + -13 - 15)) + -6 + -1.
17
What is the value of (18 - (28 - -2)) + 7?
-5
-283 + 273 + (-1 - -1) - (21 - 0)
-31
What is the value of 3 + -1 + 33 + -36?
-1
What is -5 + -10 - (-7 + (-23 - -12) + 22)?
-19
-7 + -3 + (-7 - (-9 - (-3 - -7)))
-4
-62 + 87 - (-3 + 22)
6
What is the value of 33 + (-11 - -15 - -2) + 3 + -15?
27
6 + (7 - -5) - (1 - (2 + 5))
24
What is the value of 3 + 3 - (-21 + 9 - -37)?
-19
Evaluate 15 - (1 + (3 - -8 - (17 + 6))).
26
What is 11 + (33 - 104) + 29?
-31
What is the value of ((19 - 34) + 19 - (1 + -7)) + -7?
3
What is (-10 - 0 - -2) + (3 - -54 - 46)?
3
Calculate (-2 - (10 - 21)) + 4.
13
30 + -40 + (22 - ((-2 - 1) + -3))
18
Evaluate -21 + (14 - 7) - -15.
1
Evaluate (8 - -19) + (5 - 18).
14
What is the value of (-17 + 22 - (7 + 2)) + (2 - 3)?
-5
What is 54 - (8 - (-20 - -6))?
32
Evaluate 13 - (-5 + 15 + -6 + 34).
-25
What is the value of (5 - (-6 - -12) - 1) + -3?
-5
What is the value of (-8 + 10 - -5) + 4?
11
What is the value of (-14 - -28 - 60) + 25?
-21
(0 + 1 - ((45 - 25) + -27)) + -11
-3
Calculate 4 - (-49 + 42 - (-8 + -1)).
2
-12 - -14 - 3 - (3 - 0) - 2
-6
-30 - ((25 - 73) + 21)
-3
What is the value of -9 - (-13 - (-8 + -11 + 4))?
-11
-24 + (43 - (60 - 32))
-9
What is the value of (3 - (-1 - 2 - -5)) + (21 - 12)?
10
(-1 - 1) + (-6 - (-45 + 33))
4
Evaluate -18 + 6 + 9 - 5.
-8
Calculate 0 + (-11 - -19 - 2 - 8).
-2
What is (-4 - (-3 - 5)) + -21 + -1 + 7?
-11
Calculate (5 - (3 - 6) - 18) + 7 + -6.
-9
Evaluate 4 + (-53 - (-8 + -10)).
-31
What is the value of 9 + 1 + (-23 - -7 - -8) + 6?
8
3 + (-11 - -15) + 5
12
(-46 - -27 - -15) + 12
8
Calculate 15 + (-2 + 3 + -3 - -4) + -1.
16
Calculate 4 + -15 + 4 - (72 - 84).
5
Calculate 180 - 163 - (0 - -1).
16
What is the value of 0 - (13 + -7) - 6?
-12
What is -10 + 25 + -9 - (-11 + 1 - 0)?
16
Evaluate 3 - ((7 - 3) + -15 + 3 + -12).
23
Evaluate 0 + (7 - 4) + -21 + -1.
-19
What is 26 - 22 - (1 + (-3 - -5))?
1
Calculate 5 - 1 - ((-4 + 2 - -6) + -4).
4
Calculate (-2 - (0 + (2 - 8))) + 63 + -64.
3
What is -10 + (-2 - -8) + (90 - 63)?
23
What is 11 + -8 - (1 + 1 - (-31 + 14))?
-16
Calculate 6 - (2 + 35 + 3).
-34
What is 17 + -12 + 4 - (-5 + 8 + -10)?
16
What is the value of (4 - -9) + (-26 - -46 - 30)?
3
Calculate -16 + (5 + -19 + 8 + 10 - 4).
-16
(2 - (2 + 0)) + (7 - 19) + -5
-17
Calculate -3 - (-5 + 3 - (-4 + 0)).
-5
What is the value of -11 + 0 - 6 - -3?
-14
What is 10 + (2 - 13) + 4?
3
What is the value of 7 + -45 + (-7 - 0) + 11?
-34
-1 + 9 - (4 - -1) - (-2 - -11)
-6
What is 9 - (-49 + -3 + 33)?
28
What is the value of (7 - -2) + (-11 - -41 - 34)?
5
(52 - (-7 + 23)) + -22
14
What is the value of 2 + (-1 - -8) + 15 + -15?
9
Evaluate 5 + 0 - (-89 + 98).
-4
8 + (-2 - (-22 - -46))
-18
Evaluate 1 + -6 + 6 + 2 + -2 + -22.
-21
8 + (2 - 2) + (0 - 2 - -1)
7
What is the value of (-5 + 0 - (-12 + 7 - 18)) + 5?
23
Evaluate -22 + 16 + -12 - -19.
1
What is the value of 10 + (0 - -2 - (353 - 369))?
28
33 - (34 + -24) - -8
31
Calculate 2 + (-8 - (-12 + 2)).
4
What is -23 + (44 - (-33 + 35))?
19
What is (-1 - -3 - (-21 - -25)) + (-6 - 2)?
-10
6 + -15 + 29 + -34 + 0 + 0
-14
Calculate -36 - (-38 - -18) - -23.
7
Calculate 0 + -7 + (0 - -6 - 9) + -3.
-13
What is the value of 27 + -41 - (-7 - -3)?
-10
What is (11 - (-3 + 21) - -21) + 14?
28
Calculate -1 - 31 - (3 - 3 - (31 - 28)).
-29
Evaluate -24 + (0 - 0) - (-65 - -54)